3.
101, 1831013
List the prime factors of 1756554116.
2, 31, 173, 81883
List the prime factors of 1376443009.
1376443009
What are the prime factors of 722709850?
2, 5, 14454197
List the prime factors of 60517762.
2, 30258881
What are the prime factors of 409858736?
2, 7, 139, 3761
List the prime factors of 4407026373.
3, 53, 342187
What are the prime factors of 868493?
868493
What are the prime factors of 961052040?
2, 3, 5, 13, 22817
What are the prime factors of 156619499?
156619499
What are the prime factors of 5910215141?
97, 607, 100379
What are the prime factors of 1143145346?
2, 7, 81653239
List the prime factors of 57127752.
2, 3, 11, 17, 4243
What are the prime factors of 631530678?
2, 3, 105255113
List the prime factors of 45374956.
2, 11, 109, 9461
What are the prime factors of 2401102447?
19, 191, 541, 1223
What are the prime factors of 1222244364?
2, 3, 11, 307, 30161
What are the prime factors of 210586613?
2857, 73709
List the prime factors of 2507558319.
3, 7, 41, 970793
What are the prime factors of 12263279?
7, 35753
What are the prime factors of 7988453690?
2, 5, 7, 83, 631, 2179
List the prime factors of 721029532.
2, 180257383
What are the prime factors of 1135704877?
24107, 47111
What are the prime factors of 3819309905?
5, 79, 9669139
What are the prime factors of 106021890?
2, 3, 5, 13, 90617
What are the prime factors of 4286866077?
3, 13, 103, 127, 2801
List the prime factors of 380531162.
2, 11, 17, 37, 107, 257
List the prime factors of 7712036314.
2, 4441, 868277
What are the prime factors of 6526810?
2, 5, 17, 38393
List the prime factors of 4784442518.
2, 101, 829, 28571
List the prime factors of 493773270.
2, 3, 5, 31, 109, 4871
List the prime factors of 14490713.
23, 89, 7079
What are the prime factors of 1497886459?
101, 1381, 10739
What are the prime factors of 1178899714?
2, 17, 34673521
What are the prime factors of 1481417068?
2, 3041, 121787
List the prime factors of 1635872864.
2, 709, 72103
What are the prime factors of 19109043?
3, 61, 34807
List the prime factors of 173433323.
7, 24776189
What are the prime factors of 987169454?
2, 29, 487, 34949
List the prime factors of 4812275.
5, 13, 17, 67
List the prime factors of 761948399.
4603, 165533
List the prime factors of 273010512.
2, 3, 1583, 3593
What are the prime factors of 365559105?
3, 5, 3719, 6553
What are the prime factors of 133003497?
3, 11, 4030409
What are the prime factors of 1330716818?
2, 1123, 592483
What are the prime factors of 35978112?
2, 3, 31231
List the prime factors of 389993757.
3, 129997919
What are the prime factors of 36787206?
2, 3, 149, 41149
List the prime factors of 2617859981.
11, 1153, 206407
List the prime factors of 56162739.
3, 137, 136649
What are the prime factors of 4441250173?
4441250173
What are the prime factors of 785612645?
5, 157122529
What are the prime factors of 1540300731?
3, 23, 22323199
List the prime factors of 5977486006.
2, 21419, 139537
List the prime factors of 16585846.
2, 17, 487819
What are the prime factors of 161741873?
161741873
What are the prime factors of 993415923?
3, 37, 47, 63473
List the prime factors of 190577422.
2, 7, 1097, 12409
What are the prime factors of 527042773?
17959, 29347
List the prime factors of 120956677.
487, 248371
What are the prime factors of 64999198?
2, 11, 2954509
What are the prime factors of 169587864?
2, 3, 785129
List the prime factors of 723080639.
723080639
List the prime factors of 1178183745.
3, 5, 8727287
What are the prime factors of 102317936?
2, 7, 191, 4783
List the prime factors of 144702788.
2, 36175697
List the prime factors of 355516526.
2, 233, 683, 1117
List the prime factors of 1227869030.
2, 5, 17, 23, 71, 4423
List the prime factors of 306951736.
2, 7, 13, 47, 8971
What are the prime factors of 113364804?
2, 3, 7, 67, 20143
List the prime factors of 89634469.
331, 270799
What are the prime factors of 111864868?
2, 27966217
List the prime factors of 192965131.
1061, 181871
What are the prime factors of 1372582833?
3, 43, 499, 21323
List the prime factors of 239513350.
2, 5, 661, 7247
List the prime factors of 139096897.
61, 101, 107, 211
List the prime factors of 105715797.
3, 11, 23, 31, 4493
List the prime factors of 1460462904.
2, 3, 1021, 19867
List the prime factors of 205965800.
2, 5, 137, 7517
List the prime factors of 1619699146.
2, 13, 23, 43, 62989
What are the prime factors of 3693107260?
2, 5, 184655363
What are the prime factors of 922268594?
2, 13, 79, 449011
What are the prime factors of 16495074?
2, 3, 137, 6689
What are the prime factors of 123582710?
2, 5, 2137, 5783
What are the prime factors of 228439900?
2, 5, 13, 175723
List the prime factors of 105989943.
3, 35329981
What are the prime factors of 102301929?
3, 37, 41, 59, 127
What are the prime factors of 13313716?
2, 13, 256033
List the prime factors of 1056772142.
2, 401, 1317671
List the prime factors of 25638899.
11, 13, 41, 4373
List the prime factors of 41905750.
2, 5, 167623
List the prime factors of 74281829.
37, 2007617
What are the prime factors of 1263912848?
2, 11, 7181323
List the prime factors of 113979435.
3, 5, 421, 18049
What are the prime factors of 50527020?
2, 3, 5, 53, 15889
List the prime factors of 265921675.
5, 43, 247369
List the prime factors of 665739334.
2, 13, 127, 1193
List the prime factors of 39385179.
3, 73, 151, 397
What are the prime factors of 43761067?
7, 59, 15137
What are the prime factors of 106965953?
19, 5629787
List the prime factors of 34570780.
2, 5, 1728539
List the prime factors of 82304493.
3, 1217, 22543
List the prime factors of 2765660658.
2, 3, 41, 11242523
List the prime factors of 669210050.
2, 5, 13384201
What are the prime factors of 786488399?
786488399
List the prime factors of 2114445205.
5, 5503, 76847
List the prime factors of 95073233.
95073233
List the prime factors of 131508982.
2, 11, 5977681
What are the prime factors of 394139457?
3, 229, 191237
List the prime factors of 86024846.
2, 29, 1483187
What are the prime factors of 1327516365?
3, 5, 7, 107, 173, 683
List the prime factors of 200763867.
3, 809, 82721
List the prime factors of 14307958.
2, 7, 281, 3637
What are the prime factors of 3045129587?
3301, 922487
List the prime factors of 2984638189.
13, 37, 477313
List the prime factors of 198178248.
2, 3, 17, 485731
What are the prime factors of 64756146?
2, 3, 7, 13, 16943
What are the prime factors of 175680201?
3, 347, 168761
What are the prime factors of 1889843234?
2, 944921617
List the prime factors of 115173518.
2, 163, 353293
List the prime factors of 2405114420.
2, 5, 29, 1471, 2819
List the prime factors of 164093385.
3, 5, 23, 31, 67, 229
List the prime factors of 4193855602.
2, 29243, 71707
List the prime factors of 840394483.
479, 821, 2137
List the prime factors of 1202402319.
3, 400800773
What are the prime factors of 109486374?
2, 3, 263, 69383
What are the prime factors of 69776437?
2953, 23629
List the prime factors of 877414564.
2, 13, 103, 163819
What are the prime factors of 495979034?
2, 247989517
What are the prime factors of 1671419400?
2, 3, 5, 7, 139, 409
What are the prime factors of 1279199146?
2, 639599573
List the prime factors of 180687397.
11, 19, 864533
List the prime factors of 2177029.
61, 89, 401
What are the prime factors of 146832725?
5, 13, 451793
List the prime factors of 4643357456.
2, 290209841
What are the prime factors of 1701645626?
2, 2269, 374977
List the prime factors of 40356080.
2, 5, 47, 10733
What are the prime factors of 43202733?
3, 7, 97, 127, 167
What are the prime factors of 36218454?
2, 3, 6036409
What are the prime factors of 225773935?
5, 45154787
What are the prime factors of 61929712?
2, 13, 37, 619
List the prime factors of 357051869.
103, 479, 7237
List the prime factors of 1515479453.
23, 65890411
List the prime factors of 50906098.
2, 269, 94621
List the prime factors of 104886949.
331, 316879
What are the prime factors of 8631673?
8631673
List the prime factors of 257822771.
37, 6968183
List the prime factors of 10141657.
1523, 6659
What are the prime factors of 4733738?
2, 547, 4327
List the prime factors of 422588923.
422588923
What are the prime factors of 43018136?
2, 7, 29, 26489
List the prime factors of 514772901.
3, 271